{"id":28,"date":"2023-09-27T17:00:47","date_gmt":"2023-09-27T15:00:47","guid":{"rendered":"http:\/\/ethik-et-co.alsace\/?page_id=28"},"modified":"2024-03-26T06:54:34","modified_gmt":"2024-03-26T05:54:34","slug":"actualites","status":"publish","type":"page","link":"https:\/\/ethik-et-co.alsace\/?page_id=28","title":{"rendered":"Actualit\u00e9s"},"content":{"rendered":"\t\t<div data-elementor-type=\"wp-page\" data-elementor-id=\"28\" class=\"elementor elementor-28\" data-elementor-post-type=\"page\">\n\t\t\t\t<div class=\"elementor-element elementor-element-d4d509a e-flex e-con-boxed e-con e-parent\" data-id=\"d4d509a\" data-element_type=\"container\" data-e-type=\"container\">\n\t\t\t\t\t<div class=\"e-con-inner\">\n\t\t\t\t<div class=\"elementor-element elementor-element-1691659 elementor-widget elementor-widget-heading\" data-id=\"1691659\" data-element_type=\"widget\" data-e-type=\"widget\" data-widget_type=\"heading.default\">\n\t\t\t\t<div class=\"elementor-widget-container\">\n\t\t\t\t\t<h1 class=\"elementor-heading-title elementor-size-default\">ACTUALIT\u00c9S<\/h1>\t\t\t\t<\/div>\n\t\t\t\t<\/div>\n\t\t\t\t\t<\/div>\n\t\t\t\t<\/div>\n\t\t<div class=\"elementor-element elementor-element-dc824bd e-flex e-con-boxed e-con e-parent\" data-id=\"dc824bd\" data-element_type=\"container\" data-e-type=\"container\">\n\t\t\t\t\t<div class=\"e-con-inner\">\n\t\t<div class=\"elementor-element elementor-element-8b5ba30 e-con-full e-flex e-con e-child\" data-id=\"8b5ba30\" data-element_type=\"container\" data-e-type=\"container\">\n\t\t\t\t<div class=\"elementor-element elementor-element-fdcaf60 elementor-widget elementor-widget-image\" data-id=\"fdcaf60\" data-element_type=\"widget\" data-e-type=\"widget\" data-widget_type=\"image.default\">\n\t\t\t\t<div class=\"elementor-widget-container\">\n\t\t\t\t\t\t\t\t\t\t\t\t\t\t\t<img fetchpriority=\"high\" decoding=\"async\" width=\"1024\" height=\"808\" src=\"https:\/\/ethik-et-co.alsace\/wp-content\/uploads\/2023\/10\/actu-e1698403356527-1024x808.png\" class=\"attachment-large size-large wp-image-273\" alt=\"\" srcset=\"https:\/\/ethik-et-co.alsace\/wp-content\/uploads\/2023\/10\/actu-e1698403356527-1024x808.png 1024w, https:\/\/ethik-et-co.alsace\/wp-content\/uploads\/2023\/10\/actu-e1698403356527-300x237.png 300w, https:\/\/ethik-et-co.alsace\/wp-content\/uploads\/2023\/10\/actu-e1698403356527-768x606.png 768w, https:\/\/ethik-et-co.alsace\/wp-content\/uploads\/2023\/10\/actu-e1698403356527-1536x1212.png 1536w, https:\/\/ethik-et-co.alsace\/wp-content\/uploads\/2023\/10\/actu-e1698403356527-2048x1616.png 2048w, https:\/\/ethik-et-co.alsace\/wp-content\/uploads\/2023\/10\/actu-e1698403356527-380x300.png 380w\" sizes=\"(max-width: 1024px) 100vw, 1024px\" \/>\t\t\t\t\t\t\t\t\t\t\t\t\t\t\t<\/div>\n\t\t\t\t<\/div>\n\t\t\t\t<\/div>\n\t\t<div class=\"elementor-element elementor-element-461d3e2 e-con-full e-flex e-con e-child\" data-id=\"461d3e2\" data-element_type=\"container\" data-e-type=\"container\">\n\t\t\t\t<div class=\"elementor-element elementor-element-b8faad8 elementor-grid-1 elementor-grid-tablet-2 elementor-grid-mobile-1 elementor-posts--thumbnail-top elementor-posts--show-avatar elementor-card-shadow-yes elementor-posts__hover-gradient elementor-widget elementor-widget-posts\" data-id=\"b8faad8\" data-element_type=\"widget\" data-e-type=\"widget\" data-settings=\"{&quot;cards_columns&quot;:&quot;1&quot;,&quot;cards_columns_tablet&quot;:&quot;2&quot;,&quot;cards_columns_mobile&quot;:&quot;1&quot;,&quot;cards_row_gap&quot;:{&quot;unit&quot;:&quot;px&quot;,&quot;size&quot;:35,&quot;sizes&quot;:[]},&quot;cards_row_gap_tablet&quot;:{&quot;unit&quot;:&quot;px&quot;,&quot;size&quot;:&quot;&quot;,&quot;sizes&quot;:[]},&quot;cards_row_gap_mobile&quot;:{&quot;unit&quot;:&quot;px&quot;,&quot;size&quot;:&quot;&quot;,&quot;sizes&quot;:[]}}\" data-widget_type=\"posts.cards\">\n\t\t\t\t<div class=\"elementor-widget-container\">\n\t\t\t\t\t\t\t<div class=\"elementor-posts-container elementor-posts elementor-posts--skin-cards elementor-grid\" role=\"list\">\n\t\t\t\t<article class=\"elementor-post elementor-grid-item post-1 post type-post status-publish format-standard hentry category-non-classe\" role=\"listitem\">\n\t\t\t<div class=\"elementor-post__card\">\n\t\t\t\t<div class=\"elementor-post__text\">\n\t\t\t\t<h1 class=\"elementor-post__title\">\n\t\t\t<a href=\"https:\/\/ethik-et-co.alsace\/?p=1\" >\n\t\t\t\tBonjour tout le monde\u00a0!\t\t\t<\/a>\n\t\t<\/h1>\n\t\t\t\t<div class=\"elementor-post__excerpt\">\n\t\t\t<p>Bienvenue sur notre site. Ce site nous permet de nous d\u00e9velopper d&rsquo;avantage et de rendre meilleur l&rsquo;exp\u00e9rience du client. N&rsquo;h\u00e9sitez pas \u00e0 le partager \u00e0<\/p>\n\t\t<\/div>\n\t\t\n\t\t<a class=\"elementor-post__read-more\" href=\"https:\/\/ethik-et-co.alsace\/?p=1\" aria-label=\"En savoir plus sur Bonjour tout le monde\u00a0!\" tabindex=\"-1\" >\n\t\t\tLire la suite \u00bb\t\t<\/a>\n\n\t\t\t\t<\/div>\n\t\t\t\t<div class=\"elementor-post__meta-data\">\n\t\t\t\t\t<span class=\"elementor-post-date\">\n\t\t\t22 septembre 2023\t\t<\/span>\n\t\t\t\t<span class=\"elementor-post-avatar\">\n\t\t\tAucun commentaire\t\t<\/span>\n\t\t\t\t<\/div>\n\t\t\t\t\t<\/div>\n\t\t<\/article>\n\t\t\t\t<\/div>\n\t\t\n\t\t\t\t\t\t<\/div>\n\t\t\t\t<\/div>\n\t\t\t\t<\/div>\n\t\t\t\t\t<\/div>\n\t\t\t\t<\/div>\n\t\t<div class=\"elementor-element elementor-element-ad819b9 e-flex e-con-boxed e-con e-parent\" data-id=\"ad819b9\" data-element_type=\"container\" data-e-type=\"container\">\n\t\t\t\t\t<div class=\"e-con-inner\">\n\t\t\t\t<div class=\"elementor-element elementor-element-44b21e5 elementor-grid-3 elementor-grid-tablet-2 elementor-grid-mobile-1 elementor-posts--thumbnail-top elementor-widget elementor-widget-posts\" data-id=\"44b21e5\" data-element_type=\"widget\" data-e-type=\"widget\" data-settings=\"{&quot;classic_columns&quot;:&quot;3&quot;,&quot;classic_columns_tablet&quot;:&quot;2&quot;,&quot;classic_columns_mobile&quot;:&quot;1&quot;,&quot;classic_row_gap&quot;:{&quot;unit&quot;:&quot;px&quot;,&quot;size&quot;:35,&quot;sizes&quot;:[]},&quot;classic_row_gap_tablet&quot;:{&quot;unit&quot;:&quot;px&quot;,&quot;size&quot;:&quot;&quot;,&quot;sizes&quot;:[]},&quot;classic_row_gap_mobile&quot;:{&quot;unit&quot;:&quot;px&quot;,&quot;size&quot;:&quot;&quot;,&quot;sizes&quot;:[]}}\" data-widget_type=\"posts.classic\">\n\t\t\t\t<div class=\"elementor-widget-container\">\n\t\t\t\t\t\t\t<div class=\"elementor-posts-container elementor-posts elementor-posts--skin-classic elementor-grid\" role=\"list\">\n\t\t\t\t<article class=\"elementor-post elementor-grid-item post-1 post type-post status-publish format-standard hentry category-non-classe\" role=\"listitem\">\n\t\t\t\t<div class=\"elementor-post__text\">\n\t\t\t\t<h1 class=\"elementor-post__title\">\n\t\t\t<a href=\"https:\/\/ethik-et-co.alsace\/?p=1\" >\n\t\t\t\tBonjour tout le monde\u00a0!\t\t\t<\/a>\n\t\t<\/h1>\n\t\t\t\t<div class=\"elementor-post__meta-data\">\n\t\t\t\t\t<span class=\"elementor-post-date\">\n\t\t\t22 septembre 2023\t\t<\/span>\n\t\t\t\t<span class=\"elementor-post-avatar\">\n\t\t\tAucun commentaire\t\t<\/span>\n\t\t\t\t<\/div>\n\t\t\t\t<div class=\"elementor-post__excerpt\">\n\t\t\t<p>Bienvenue sur notre site. Ce site nous permet de nous d\u00e9velopper d&rsquo;avantage et de rendre meilleur l&rsquo;exp\u00e9rience du client. N&rsquo;h\u00e9sitez pas \u00e0 le partager \u00e0<\/p>\n\t\t<\/div>\n\t\t\n\t\t<a class=\"elementor-post__read-more\" href=\"https:\/\/ethik-et-co.alsace\/?p=1\" aria-label=\"En savoir plus sur Bonjour tout le monde\u00a0!\" tabindex=\"-1\" >\n\t\t\tLire la suite \u00bb\t\t<\/a>\n\n\t\t\t\t<\/div>\n\t\t\t\t<\/article>\n\t\t\t\t<\/div>\n\t\t\n\t\t\t\t\t\t<\/div>\n\t\t\t\t<\/div>\n\t\t\t\t\t<\/div>\n\t\t\t\t<\/div>\n\t\t<div class=\"elementor-element elementor-element-435f38a e-flex e-con-boxed e-con e-parent\" data-id=\"435f38a\" data-element_type=\"container\" data-e-type=\"container\">\n\t\t\t\t\t<div class=\"e-con-inner\">\n\t\t\t\t<div class=\"elementor-element elementor-element-862e747 elementor-grid-3 elementor-grid-tablet-2 elementor-grid-mobile-1 elementor-widget elementor-widget-portfolio\" data-id=\"862e747\" data-element_type=\"widget\" data-e-type=\"widget\" data-settings=\"{&quot;columns&quot;:&quot;3&quot;,&quot;columns_tablet&quot;:&quot;2&quot;,&quot;columns_mobile&quot;:&quot;1&quot;,&quot;item_ratio&quot;:{&quot;unit&quot;:&quot;px&quot;,&quot;size&quot;:0.66,&quot;sizes&quot;:[]},&quot;item_gap&quot;:{&quot;unit&quot;:&quot;px&quot;,&quot;size&quot;:&quot;&quot;,&quot;sizes&quot;:[]},&quot;row_gap&quot;:{&quot;unit&quot;:&quot;px&quot;,&quot;size&quot;:&quot;&quot;,&quot;sizes&quot;:[]}}\" data-widget_type=\"portfolio.default\">\n\t\t\t\t<div class=\"elementor-widget-container\">\n\t\t\t\t\t\t\t<div class=\"elementor-portfolio elementor-grid elementor-posts-container\" role=\"list\">\n\t\t\t\t<article class=\"elementor-portfolio-item elementor-post  post-1 post type-post status-publish format-standard hentry category-non-classe\" role=\"listitem\">\n\t\t\t<a class=\"elementor-post__thumbnail__link\" href=\"https:\/\/ethik-et-co.alsace\/?p=1\">\n\t\t\t\t<div class=\"elementor-portfolio-item__img elementor-post__thumbnail\">\n\t\t\t\t\t<\/div>\n\t\t\t\t<div class=\"elementor-portfolio-item__overlay\">\n\t\t\t\t<h3 class=\"elementor-portfolio-item__title\">\n\t\tBonjour tout le monde\u00a0!\t\t<\/h3>\n\t\t\t\t<\/div>\n\t\t\t\t<\/a>\n\t\t<\/article>\n\t\t\t\t<\/div>\n\t\t\t\t\t\t<\/div>\n\t\t\t\t<\/div>\n\t\t\t\t\t<\/div>\n\t\t\t\t<\/div>\n\t\t<div class=\"elementor-element elementor-element-be25e72 e-flex e-con-boxed e-con e-parent\" data-id=\"be25e72\" data-element_type=\"container\" data-e-type=\"container\">\n\t\t\t\t\t<div class=\"e-con-inner\">\n\t\t\t\t<div class=\"elementor-element elementor-element-2dcef6e elementor-widget elementor-widget-facebook-page\" data-id=\"2dcef6e\" data-element_type=\"widget\" data-e-type=\"widget\" data-widget_type=\"facebook-page.default\">\n\t\t\t\t<div class=\"elementor-widget-container\">\n\t\t\t\t\t<div class=\"elementor-facebook-widget fb-page\" data-href=\"https:\/\/www.facebook.com\/ethik.et.co\" data-tabs=\"timeline,events,messages\" data-height=\"500px\" data-width=\"500px\" data-small-header=\"false\" data-hide-cover=\"false\" data-show-facepile=\"true\" data-hide-cta=\"false\" style=\"min-height: 1px;height:500px\"><\/div>\t\t\t\t<\/div>\n\t\t\t\t<\/div>\n\t\t\t\t\t<\/div>\n\t\t\t\t<\/div>\n\t\t\t\t<\/div>\n\t\t","protected":false},"excerpt":{"rendered":"<p>ACTUALIT\u00c9S<\/p>\n","protected":false},"author":1,"featured_media":0,"parent":0,"menu_order":0,"comment_status":"closed","ping_status":"closed","template":"","meta":{"footnotes":""},"class_list":["post-28","page","type-page","status-publish","hentry"],"yoast_head":"<!-- This site is optimized with the Yoast SEO plugin v27.4 - https:\/\/yoast.com\/product\/yoast-seo-wordpress\/ -->\n<title>Actualit\u00e9s - \u00c9thik &amp; Co<\/title>\n<meta name=\"description\" content=\"Nos actualit\u00e9s sont \u00e0 vos port\u00e9es. N&#039;h\u00e9sitez pas \u00e0 les consulter !\" \/>\n<meta name=\"robots\" content=\"index, follow, max-snippet:-1, max-image-preview:large, max-video-preview:-1\" \/>\n<link rel=\"canonical\" href=\"https:\/\/ethik-et-co.alsace\/?page_id=28\" \/>\n<meta property=\"og:locale\" content=\"fr_FR\" \/>\n<meta property=\"og:type\" content=\"article\" \/>\n<meta property=\"og:title\" content=\"Actualit\u00e9s - \u00c9thik &amp; Co\" \/>\n<meta property=\"og:description\" content=\"Nos actualit\u00e9s sont \u00e0 vos port\u00e9es. N&#039;h\u00e9sitez pas \u00e0 les consulter !\" \/>\n<meta property=\"og:url\" content=\"https:\/\/ethik-et-co.alsace\/?page_id=28\" \/>\n<meta property=\"og:site_name\" content=\"\u00c9thik &amp; Co\" \/>\n<meta property=\"article:modified_time\" content=\"2024-03-26T05:54:34+00:00\" \/>\n<meta property=\"og:image\" content=\"http:\/\/ethik-et-co.alsace\/wp-content\/uploads\/2023\/10\/actu-e1698403356527-1024x808.png\" \/>\n<meta name=\"twitter:card\" content=\"summary_large_image\" \/>\n<meta name=\"twitter:label1\" content=\"Dur\u00e9e de lecture estim\u00e9e\" \/>\n\t<meta name=\"twitter:data1\" content=\"1 minute\" \/>\n<script type=\"application\/ld+json\" class=\"yoast-schema-graph\">{\"@context\":\"https:\\\/\\\/schema.org\",\"@graph\":[{\"@type\":\"WebPage\",\"@id\":\"https:\\\/\\\/ethik-et-co.alsace\\\/?page_id=28\",\"url\":\"https:\\\/\\\/ethik-et-co.alsace\\\/?page_id=28\",\"name\":\"Actualit\u00e9s - \u00c9thik &amp; Co\",\"isPartOf\":{\"@id\":\"https:\\\/\\\/ethik-et-co.alsace\\\/#website\"},\"primaryImageOfPage\":{\"@id\":\"https:\\\/\\\/ethik-et-co.alsace\\\/?page_id=28#primaryimage\"},\"image\":{\"@id\":\"https:\\\/\\\/ethik-et-co.alsace\\\/?page_id=28#primaryimage\"},\"thumbnailUrl\":\"http:\\\/\\\/ethik-et-co.alsace\\\/wp-content\\\/uploads\\\/2023\\\/10\\\/actu-e1698403356527-1024x808.png\",\"datePublished\":\"2023-09-27T15:00:47+00:00\",\"dateModified\":\"2024-03-26T05:54:34+00:00\",\"description\":\"Nos actualit\u00e9s sont \u00e0 vos port\u00e9es. N'h\u00e9sitez pas \u00e0 les consulter !\",\"breadcrumb\":{\"@id\":\"https:\\\/\\\/ethik-et-co.alsace\\\/?page_id=28#breadcrumb\"},\"inLanguage\":\"fr-FR\",\"potentialAction\":[{\"@type\":\"ReadAction\",\"target\":[\"https:\\\/\\\/ethik-et-co.alsace\\\/?page_id=28\"]}]},{\"@type\":\"ImageObject\",\"inLanguage\":\"fr-FR\",\"@id\":\"https:\\\/\\\/ethik-et-co.alsace\\\/?page_id=28#primaryimage\",\"url\":\"http:\\\/\\\/ethik-et-co.alsace\\\/wp-content\\\/uploads\\\/2023\\\/10\\\/actu-e1698403356527-1024x808.png\",\"contentUrl\":\"http:\\\/\\\/ethik-et-co.alsace\\\/wp-content\\\/uploads\\\/2023\\\/10\\\/actu-e1698403356527-1024x808.png\"},{\"@type\":\"BreadcrumbList\",\"@id\":\"https:\\\/\\\/ethik-et-co.alsace\\\/?page_id=28#breadcrumb\",\"itemListElement\":[{\"@type\":\"ListItem\",\"position\":1,\"name\":\"Accueil\",\"item\":\"https:\\\/\\\/ethik-et-co.alsace\\\/\"},{\"@type\":\"ListItem\",\"position\":2,\"name\":\"actualites\"}]},{\"@type\":\"WebSite\",\"@id\":\"https:\\\/\\\/ethik-et-co.alsace\\\/#website\",\"url\":\"https:\\\/\\\/ethik-et-co.alsace\\\/\",\"name\":\"\u00c9thik & Co\",\"description\":\"\",\"publisher\":{\"@id\":\"https:\\\/\\\/ethik-et-co.alsace\\\/#\\\/schema\\\/person\\\/b17363363e5c6d5b303bdab9404f9ccc\"},\"alternateName\":\"Fr\u00e9d\u00e9ric WOEHREL\",\"potentialAction\":[{\"@type\":\"SearchAction\",\"target\":{\"@type\":\"EntryPoint\",\"urlTemplate\":\"https:\\\/\\\/ethik-et-co.alsace\\\/?s={search_term_string}\"},\"query-input\":{\"@type\":\"PropertyValueSpecification\",\"valueRequired\":true,\"valueName\":\"search_term_string\"}}],\"inLanguage\":\"fr-FR\"},{\"@type\":[\"Person\",\"Organization\"],\"@id\":\"https:\\\/\\\/ethik-et-co.alsace\\\/#\\\/schema\\\/person\\\/b17363363e5c6d5b303bdab9404f9ccc\",\"name\":\"Fr\u00e9d\u00e9ric WOEHREL\",\"image\":{\"@type\":\"ImageObject\",\"inLanguage\":\"fr-FR\",\"@id\":\"https:\\\/\\\/ethik-et-co.alsace\\\/wp-content\\\/uploads\\\/2023\\\/09\\\/cropped-cropped-EC_new_logo4.png\",\"url\":\"https:\\\/\\\/ethik-et-co.alsace\\\/wp-content\\\/uploads\\\/2023\\\/09\\\/cropped-cropped-EC_new_logo4.png\",\"contentUrl\":\"https:\\\/\\\/ethik-et-co.alsace\\\/wp-content\\\/uploads\\\/2023\\\/09\\\/cropped-cropped-EC_new_logo4.png\",\"width\":245,\"height\":250,\"caption\":\"Fr\u00e9d\u00e9ric WOEHREL\"},\"logo\":{\"@id\":\"https:\\\/\\\/ethik-et-co.alsace\\\/wp-content\\\/uploads\\\/2023\\\/09\\\/cropped-cropped-EC_new_logo4.png\"},\"sameAs\":[\"http:\\\/\\\/ethik-et-co.alsace\"]}]}<\/script>\n<!-- \/ Yoast SEO plugin. -->","yoast_head_json":{"title":"Actualit\u00e9s - \u00c9thik &amp; Co","description":"Nos actualit\u00e9s sont \u00e0 vos port\u00e9es. N'h\u00e9sitez pas \u00e0 les consulter !","robots":{"index":"index","follow":"follow","max-snippet":"max-snippet:-1","max-image-preview":"max-image-preview:large","max-video-preview":"max-video-preview:-1"},"canonical":"https:\/\/ethik-et-co.alsace\/?page_id=28","og_locale":"fr_FR","og_type":"article","og_title":"Actualit\u00e9s - \u00c9thik &amp; Co","og_description":"Nos actualit\u00e9s sont \u00e0 vos port\u00e9es. N'h\u00e9sitez pas \u00e0 les consulter !","og_url":"https:\/\/ethik-et-co.alsace\/?page_id=28","og_site_name":"\u00c9thik &amp; Co","article_modified_time":"2024-03-26T05:54:34+00:00","og_image":[{"url":"http:\/\/ethik-et-co.alsace\/wp-content\/uploads\/2023\/10\/actu-e1698403356527-1024x808.png","type":"","width":"","height":""}],"twitter_card":"summary_large_image","twitter_misc":{"Dur\u00e9e de lecture estim\u00e9e":"1 minute"},"schema":{"@context":"https:\/\/schema.org","@graph":[{"@type":"WebPage","@id":"https:\/\/ethik-et-co.alsace\/?page_id=28","url":"https:\/\/ethik-et-co.alsace\/?page_id=28","name":"Actualit\u00e9s - \u00c9thik &amp; Co","isPartOf":{"@id":"https:\/\/ethik-et-co.alsace\/#website"},"primaryImageOfPage":{"@id":"https:\/\/ethik-et-co.alsace\/?page_id=28#primaryimage"},"image":{"@id":"https:\/\/ethik-et-co.alsace\/?page_id=28#primaryimage"},"thumbnailUrl":"http:\/\/ethik-et-co.alsace\/wp-content\/uploads\/2023\/10\/actu-e1698403356527-1024x808.png","datePublished":"2023-09-27T15:00:47+00:00","dateModified":"2024-03-26T05:54:34+00:00","description":"Nos actualit\u00e9s sont \u00e0 vos port\u00e9es. N'h\u00e9sitez pas \u00e0 les consulter !","breadcrumb":{"@id":"https:\/\/ethik-et-co.alsace\/?page_id=28#breadcrumb"},"inLanguage":"fr-FR","potentialAction":[{"@type":"ReadAction","target":["https:\/\/ethik-et-co.alsace\/?page_id=28"]}]},{"@type":"ImageObject","inLanguage":"fr-FR","@id":"https:\/\/ethik-et-co.alsace\/?page_id=28#primaryimage","url":"http:\/\/ethik-et-co.alsace\/wp-content\/uploads\/2023\/10\/actu-e1698403356527-1024x808.png","contentUrl":"http:\/\/ethik-et-co.alsace\/wp-content\/uploads\/2023\/10\/actu-e1698403356527-1024x808.png"},{"@type":"BreadcrumbList","@id":"https:\/\/ethik-et-co.alsace\/?page_id=28#breadcrumb","itemListElement":[{"@type":"ListItem","position":1,"name":"Accueil","item":"https:\/\/ethik-et-co.alsace\/"},{"@type":"ListItem","position":2,"name":"actualites"}]},{"@type":"WebSite","@id":"https:\/\/ethik-et-co.alsace\/#website","url":"https:\/\/ethik-et-co.alsace\/","name":"\u00c9thik & Co","description":"","publisher":{"@id":"https:\/\/ethik-et-co.alsace\/#\/schema\/person\/b17363363e5c6d5b303bdab9404f9ccc"},"alternateName":"Fr\u00e9d\u00e9ric WOEHREL","potentialAction":[{"@type":"SearchAction","target":{"@type":"EntryPoint","urlTemplate":"https:\/\/ethik-et-co.alsace\/?s={search_term_string}"},"query-input":{"@type":"PropertyValueSpecification","valueRequired":true,"valueName":"search_term_string"}}],"inLanguage":"fr-FR"},{"@type":["Person","Organization"],"@id":"https:\/\/ethik-et-co.alsace\/#\/schema\/person\/b17363363e5c6d5b303bdab9404f9ccc","name":"Fr\u00e9d\u00e9ric WOEHREL","image":{"@type":"ImageObject","inLanguage":"fr-FR","@id":"https:\/\/ethik-et-co.alsace\/wp-content\/uploads\/2023\/09\/cropped-cropped-EC_new_logo4.png","url":"https:\/\/ethik-et-co.alsace\/wp-content\/uploads\/2023\/09\/cropped-cropped-EC_new_logo4.png","contentUrl":"https:\/\/ethik-et-co.alsace\/wp-content\/uploads\/2023\/09\/cropped-cropped-EC_new_logo4.png","width":245,"height":250,"caption":"Fr\u00e9d\u00e9ric WOEHREL"},"logo":{"@id":"https:\/\/ethik-et-co.alsace\/wp-content\/uploads\/2023\/09\/cropped-cropped-EC_new_logo4.png"},"sameAs":["http:\/\/ethik-et-co.alsace"]}]}},"_links":{"self":[{"href":"https:\/\/ethik-et-co.alsace\/index.php?rest_route=\/wp\/v2\/pages\/28","targetHints":{"allow":["GET"]}}],"collection":[{"href":"https:\/\/ethik-et-co.alsace\/index.php?rest_route=\/wp\/v2\/pages"}],"about":[{"href":"https:\/\/ethik-et-co.alsace\/index.php?rest_route=\/wp\/v2\/types\/page"}],"author":[{"embeddable":true,"href":"https:\/\/ethik-et-co.alsace\/index.php?rest_route=\/wp\/v2\/users\/1"}],"replies":[{"embeddable":true,"href":"https:\/\/ethik-et-co.alsace\/index.php?rest_route=%2Fwp%2Fv2%2Fcomments&post=28"}],"version-history":[{"count":34,"href":"https:\/\/ethik-et-co.alsace\/index.php?rest_route=\/wp\/v2\/pages\/28\/revisions"}],"predecessor-version":[{"id":593,"href":"https:\/\/ethik-et-co.alsace\/index.php?rest_route=\/wp\/v2\/pages\/28\/revisions\/593"}],"wp:attachment":[{"href":"https:\/\/ethik-et-co.alsace\/index.php?rest_route=%2Fwp%2Fv2%2Fmedia&parent=28"}],"curies":[{"name":"wp","href":"https:\/\/api.w.org\/{rel}","templated":true}]}}